 divided by w?
18
Suppose -55 = -5*f + 4755. Suppose -j + 14*j = f. Calculate the remainder when j is divided by 15.
14
Suppose 25*w - 15 = 22*w. What is the remainder when 42 is divided by w?
2
Let m = 8 - -6. Calculate the remainder when (-2)/(-6) - ((-392)/21 - 4) is divided by m.
9
Suppose 5*j = -3*g + 78 + 38, 8 = 4*g. What is the remainder when 65 is divided by j?
21
Let r = -162 - -279. Calculate the remainder when r is divided by 43.
31
Suppose 8*p = 4672 + 104. Calculate the remainder when p is divided by 15.
12
Calculate the remainder when 2066/30 + 16*11/1320 is divided by 37.
32
Suppose 5*k - 146 = -4*d, -3*k + d = 2*d - 82. Suppose 4*x + i + 99 = 6*x, -3*x + 3*i = -144. Calculate the remainder when x is divided by k.
25
Suppose -35 = -5*d + 30. Let z = 50 + -47. Calculate the remainder when d is divided by z + (2 + 2 - -1).
5
Suppose v + 3*t = 4*t + 6, 0 = -2*v - 5*t + 40. Suppose 5*z - d = 92, -3*z - d = -2*z - 16. What is the remainder when z is divided by v?
8
Suppose -4*h + 27 = -5*p, -p - 42 = -4*h + p. Calculate the remainder when 48 is divided by (-5)/1*(-4)/20*h.
9
Let t be 4 + 4*615/10. Suppose -28*k + 33*k - t = 0. Calculate the remainder when k is divided by 17.
16
Let v = -8 + 29. Calculate the remainder when (-14)/v*129/(-2) is divided by 9.
7
Suppose 2*a - 6*a + 44 = 0. Let o(p) = -p**3 + 14*p**2 + 2*p + 4. Let m be 14 + -1 + 0 + 1. Calculate the remainder when o(m) is divided by a.
10
Let s = 39 + -28. What is the remainder when 1/(54/(-57) - -1) is divided by s?
8
Suppose -208 = -5*x + v, -31*v = -34*v + 6. What is the remainder when (126 - (-2)/2) + -2 is divided by x?
41
Let i = -43 - -102. What is the remainder when i is divided by -2 + (-80)/(-36) + 2/((-162)/(-1197))?
14
Suppose 0 = -8*t - 6*t + 2240. Calculate the remainder when t is divided by 20.
0
Let j = -1028 - -1103. Calculate the remainder when 519 is divided by j.
69
Let s be 6 + 3 + (-16)/4. Suppose -s*z - 47 = -4*f, 20 + 1 = 3*f + z. What is the remainder when 22 is divided by f?
6
Let o = -82 + 148. Let y = -76 - -143. Let i = -44 + y. What is the remainder when o is divided by i?
20
Let i be 2 - (6 + -2 - 2). Suppose i = -5*d + 77 + 13. Let h = 5889 - 5838. Calculate the remainder when h is divided by d.
15
Calculate the remainder when 445 is divided by (-224)/(8/(-4))*1.
109
Let g(m) = m**3 + 12*m**2 - 54*m - 2. What is the remainder when g(4) is divided by 27?
11
What is the remainder when 281 is divided by -2 + (943/46 - (-1)/2)?
15
Suppose 8 = 4*l - 2*l. Suppose -2*j - 4 = -0*d - l*d, 2 = d. Calculate the remainder when j/(4 + (-122)/31) is divided by 18.
13
Let w = 35 + -17. Calculate the remainder when 45 is divided by w.
9
Suppose 3*w = 3*f + 45 + 96, -2*w + 98 = -f. Let z = 230 - w. What is the remainder when z is divided by 45?
44
Suppose -2*w - 2*w = -84. Let l = 36 + w. What is the remainder when l is divided by 4*(1 + -6)/(-1)?
17
Suppose 0 = 4*o - 5*c + 11 - 48, 3 = -3*c. What is the remainder when 45 is divided by o?
5
Suppose 5*b - 7 = -32. Let f = b + 10. Let y(n) = 2*n**2 - 5*n - 4. What is the remainder when 81 is divided by y(f)?
18
Suppose 0 = 5*k - 2*n - 25 - 35, 0 = n. What is the remainder when k is divided by -8 - 39*1/(-3)?
2
Let c(q) = q**3 + 16*q**2 - 19*q - 10. Suppose -5*y = -3*y + 34. Let g be c(y). Suppose -4*s = -3*s - g. What is the remainder when 69 is divided by s?
21
Suppose 0*d - 5*u - 17 = 2*d, 0 = 4*d - 3*u - 31. Suppose 15 = d*v - v. Suppose -v*i + 4*i + 16 = 0. Calculate the remainder when 30 is divided by i.
14
Suppose -s = 3*s. Let c = 1 - s. Calculate the remainder when (-1)/(-2)*86*c is divided by 11.
10
Let s(g) = g - 14. Let v be s(-14). Let f = -52 - v. Let p = f - -37. What is the remainder when 24 is divided by p?
11
Let n(r) = r + 4. Let x(z) = 1. Let y(l) = -3*n(l) - 6*x(l). What is the remainder when y(-9) is divided by 5?
4
Let n = 54 + -48. Calculate the remainder when 40 is divided by n.
4
Let v = 672 + -630. Calculate the remainder when 418 is divided by v.
40
Let f(r) = -r**3 + 10*r**2 - 10*r + 10. Let q = -140 + 141. Calculate the remainder when f(9) is divided by q.
0
Suppose 0 = a + n - 23, -14*a + 18*a = -5*n + 90. Let r(p) = p**2 + 7. Calculate the remainder when a is divided by r(0).
4
Suppose 91*i + 210 = 94*i. Calculate the remainder when i is divided by 24.
22
Suppose -1979*o + 1966*o = -5018. Calculate the remainder when o is divided by 128.
2
Let h(o) = -o**2 + 28*o + 112. What is the remainder when 538 is divided by h(27)?
121
Let l be (39/(-6))/((-1)/2). Suppose v + l = j, 2*v - 16 = -2*v. What is the remainder when 65 is divided by j?
14
Let h = 496 - 454. What is the remainder when 161 is divided by h?
35
Suppose -h = 2*m - 12, -2*m + 6 = -4*h + 4. Suppose h*g + 1 = -5*x - 5, -5*g + 15 = 5*x. Suppose -61 = -2*u - 11. What is the remainder when u is divided by g?
4
Suppose -4*s - a = 80, 4*s - a + 96 = 2*a. Let d = s - -23. What is the remainder when d is divided by 2/(-5) - (-36)/15?
0
Calculate the remainder when (-9*(-5)/(-15))/((-3)/22) is divided by 5.
2
Suppose 135 = 10*g - g. Calculate the remainder when 148 is divided by g.
13
Suppose 5*u + 2*z = -40, u = z - 2*z - 11. What is the remainder when 16/48 - 202/u is divided by 7?
6
Let c(w) = -3*w + 9. Suppose 3*i + 4*f - 23 = 8, 0 = -f + 4. Suppose -2*h + i*y + 19 = 0, 0 = 3*y - 7 - 2. Calculate the remainder when c(-13) is divided by h.
14
Let s = -92 + 108. Suppose s*n - 13*n = 225. What is the remainder when n is divided by 40?
35
Calculate the remainder when 93 is divided by (3/4)/(45/1560).
15
Suppose -8*q + 0*q = -752. What is the remainder when q is divided by 8?
6
Calculate the remainder when 82 is divided by (8 + -10)/((-202)/66 + 3).
16
Let q(j) = j**3 - 23*j**2 + 2*j - 31. What is the remainder when q(23) is divided by 4?
3
Calculate the remainder when (-3)/(-60)*10*106 is divided by 8.
5
Let f = -575 - -802. Calculate the remainder when f is divided by 4.
3
Let j(y) = 7*y - 7. Suppose -h - 4*b = -3, 3*h - 5*b = -2*h + 40. Let a be j(h). Let l = a - 33. Calculate the remainder when l is divided by 5.
4
Let s(z) be the first derivative of -z**3/6 - 13*z**2/2 + 11*z + 5. Let q(n) be the first derivative of s(n). What is the remainder when 2 is divided by q(-14)?
0
Let t = -1081 + 1097. Calculate the remainder when 381 is divided by t.
13
Let j = -45 - -48. What is the remainder when 6 is divided by j/(-3) - -4 - 0?
0
Let f(u) = -u**2 - 19*u - 25. Let t be (2 - -8)*(-1 - (2 - 2)). What is the remainder when f(t) is divided by 24?
17
Let r(g) = -g**3 + 19*g**2 - 9*g - 9. What is the remainder when r(9) is divided by 103?
102
Suppose 0 = -13*u + 4*u + 36. Let n(w) = -w**2 - 2*w + 4. What is the remainder when u is divided by n(-3)?
0
Suppose 5*a - 30 = -15. Suppose t = -a*d + 3 + 29, d = -4*t - 4. Let p = -22 - -45. Calculate the remainder when p is divided by d.
11
Let b(t) = -t**2 - t + 4. Let k be b(0). Suppose -23 - 1 = -k*l. Calculate the remainder when 16 is divided by l.
4
Let a = -32 + 117. Let c = a - 82. Calculate the remainder when 13 is divided by c.
1
Suppose -230 = 2*k + 48. Let c = k + 149. What is the remainder when 77 is divided by c?
7
Let k = 16 - 14. Suppose -2*a - a - 119 = -4*n, 0 = k*n + 3*a - 73. What is the remainder when (-8)/n + 405/4 is divided by 26?
23
Let h(x) = -x**3 + 12*x**2 + 152*x - 21. Calculate the remainder when h(19) is divided by 6.
4
Let q(r) = -2*r + 19. Let l be q(-13). Suppose 2*h = l - 11. Calculate the remainder when 31 is divided by h.
14
Let c(h) = h**2 - 7*h + 132. Calculate the remainder when c(0) is divided by 19.
18
Suppose -15 = -3*q, k = -4*k + 2*q + 20. Suppose k + 89 = 5*g. What is the remainder when 51 is divided by g?
13
Let h be 2/9 + (-170)/45*-1. Calculate the remainder when 141 is divided by (-4 + h)/5 + 24.
21
Suppose 2274*w - 66 = 2271*w. What is the remainder when 37 is divided by w?
15
What is the remainder when (-32)/6*(147/(-4))/1 is divided by 52?
40
Let b = -839 + 1131. Calculate the remainder when b is divided by 37.
33
What is the remainder when 223 is divided by (208/(-39))/((-4)/42)?
55
Suppose 0 = 5*v - 20, 3*v + 183 = -21*g + 24*g. What is the remainder when g is divided by 10?
5
Let p(m) = -m + 19. Let q be p(8). Suppose q*k - 90 = 6*